0. Calculate the remainder when 149 is divided by v.
74
Suppose 18*z - 21*z + 34 = -p, 2*z + 2*p = 36. Let c = -10 + 60. What is the remainder when c is divided by z?
11
Let n = 97 - 53. Calculate the remainder when 101 is divided by n.
13
Suppose 5*a = -5*i + 18 + 72, a = 2*i - 42. Calculate the remainder when 76 is divided by i.
16
Let j = -299 - -348. What is the remainder when 389 is divided by j?
46
Suppose 5*a - 169 = -29. Let b = a + -24. Suppose -n - 6 = -b*n. Calculate the remainder when 3 is divided by n.
1
Let o(d) = 2*d + 5*d + 9*d - 553 + 529 - d**2. Suppose 0 = q - 4, -3*q + 45 = -x + 4*x. What is the remainder when x is divided by o(14)?
3
Let s = -2 + 5. Suppose -s*f + 2*f = 8. Let m(o) = -o - 4. Calculate the remainder when 9 is divided by m(f).
1
Suppose -4*x = -8*x + 16. Suppose 3*a + 5*d = -0*d + 161, -3*d - 205 = -x*a. Calculate the remainder when a is divided by 18.
16
Let h(b) = -2*b**2 + b + 3. Let o be h(-5). Let a = o + 198. Suppose -2*z - 3*q = -93, -q + 3*q + a = 4*z. Calculate the remainder when z is divided by 14.
11
Let j = 81 - 22. Calculate the remainder when j is divided by -1 - -13 - -11*4/(-22).
9
Let k = -5176 - -5199. Calculate the remainder when k is divided by (-1)/2 - 26/(-4).
5
Suppose -98 = 3*x - 8. Let p = -8 - x. Suppose 4*q = 3*q + 43. Calculate the remainder when q is divided by p.
21
Suppose -279 = -5*i + 2*i. Suppose d + 2*d = i. What is the remainder when 120 is divided by d?
27
Suppose 4*o + 14 + 2 = 0, -4 = -3*l - 5*o. Suppose 0 = l*c - 2*c - 108. Calculate the remainder when c is divided by 7.
4
Let w be 3/6 - (-325)/(-10). Let j = -22 - w. What is the remainder when 38 is divided by j?
8
Suppose 4*m = -4*u + 20, u - 9 = 4*u. Suppose t = -l + 6, m - 23 = -5*t. Suppose -3*g = 2*i - 24, 4*g = 2*i + g. Calculate the remainder when i is divided by l.
0
Let b(v) = -v**2 + 5*v + 16. Let f be b(7). Let a be -4*(-9 - (f + -4)). Suppose -3*z = -8 - a. Calculate the remainder when 47 is divided by z.
11
Let o = -12 - -19. Suppose -o = -4*d + 21. Calculate the remainder when 34 is divided by d.
6
Suppose -27 - 37 = -2*d. Suppose 20 = 2*y - d. Suppose 0 = 5*q - 92 - 153. What is the remainder when q is divided by y?
23
Suppose 43 + 31 = 2*k. What is the remainder when 115 is divided by k?
4
Suppose -2*b - b = -l - 82, -4*l + 3*b = 283. Let q = -41 - l. Let y(a) = 60*a + 256. Calculate the remainder when y(-3) is divided by q.
24
Suppose 0 = -3*c + 4*c + 18. Suppose -2*k = 23*g - 27*g + 346, -g = 3*k - 69. Let b = c + g. What is the remainder when b is divided by 17?
15
Let k = -330 + 1858. What is the remainder when k is divided by 9?
7
Let h(n) = -2*n**3 - 7*n**2 + n - 3. What is the remainder when h(-5) is divided by ((-527)/(-62))/(2/4)?
16
Let z be 10/(-3)*6/(-5). Suppose 3*x - 6*x = z*t - 134, -t = -4*x + 204. What is the remainder when x is divided by 13?
11
Suppose -i + w = 3*w + 4, -5*i = -4*w - 8. Suppose 2*y = -i - 2. What is the remainder when y/4 - (-370)/8 is divided by 16?
14
Suppose 42*o = 41*o + 61. What is the remainder when 480 is divided by o?
53
Let h be (-2 + 2 - 1) + (-6)/(-1). Suppose -h*v - 70 = -12*v. What is the remainder when 28 is divided by v?
8
Suppose 2*y - 6 = -4*n - 26, -4*y + 5*n - 1 = 0. Calculate the remainder when 10 is divided by (4/1)/y*-4.
2
Let a = -4 + 4. Suppose -4*x + 2 + 22 = a. Let c = -1 + x. What is the remainder when 19 is divided by c?
4
Let q = -118 - -205. Suppose 5*u - q = -22. Calculate the remainder when 62 is divided by u.
10
Suppose -l + 116 = 2*d, 138 = 2*l + 5*d - 97. Calculate the remainder when l is divided by 29.
23
Suppose 111*l + 240 = 141*l. Let z(s) = s**2 + s - 1. What is the remainder when z(5) is divided by l?
5
Let l = 18 + -9. What is the remainder when (-3)/(0 - (-3)/(-33)) is divided by l?
6
Let t = 124 - 64. Calculate the remainder when t is divided by 32.
28
Let r(f) = -f**2 - 14*f + 3. Suppose -4*g - 25 - 17 = 3*l, -5*g - 64 = -2*l. What is the remainder when r(g) is divided by 6?
3
Suppose 0 = -a - 3*o + 75, -o - 309 = -4*a - 4*o. Calculate the remainder when a is divided by 20.
18
Calculate the remainder when (5/(50/236))/(12/30) is divided by 3.
2
Calculate the remainder when 175 is divided by 16/6*((-280)/(-16) - 1).
43
Suppose -3*k = v - 3, -2*v + v + 4*k + 31 = 0. What is the remainder when 89 is divided by v?
14
Calculate the remainder when 152 is divided by 272/(-153)*(-45)/10.
0
Let d(x) = 2*x**2 - 11*x + 26. Suppose -5*k + 21 = -3*c, -6 = -c - 3. Calculate the remainder when 62 is divided by d(k).
30
Let r = 8 + -5. Suppose 0 = 2*f - 3*j + 17, -10 = -5*f - 4*j + j. What is the remainder when (2 + -3)*-1*(f + 4) is divided by r?
0
Let h(z) = -z**2 + 23*z + 165. Suppose 0*g + 23 = g. What is the remainder when h(26) is divided by g?
18
Calculate the remainder when 386 is divided by (-6)/8*(-11 - 1).
8
Let n(t) = 4*t + 21. Suppose -4*w + 66 = 10. What is the remainder when n(8) is divided by w?
11
Let w(t) = -t**3 + 13*t**2 - 10*t - 18. Let l be w(12). What is the remainder when (1030/30)/(2/l - 0) is divided by 53?
50
Let o = 1539 - 1506. Calculate the remainder when 155 is divided by o.
23
Let t(r) = -r**2 + 8*r - 12. Let k be t(7). Let i(u) = -9*u + 31. What is the remainder when i(k) is divided by 16?
12
Suppose 436 = 10*i - 1094. What is the remainder when i is divided by 13?
10
Let i = 66 - 1. Calculate the remainder when i is divided by 23.
19
Suppose -4*k + 5*g + 26 = -32, -3*g = -4*k + 54. Suppose -16*w = -k*w - 552. What is the remainder when w is divided by 35?
33
Let c(x) = -x**3 + 4*x**2 - 2. Let h be (-10 - -8)/(4/(-10)). Let b be c(h). Calculate the remainder when (-1572)/b + 4/(-18) is divided by 15.
13
Suppose 5*t = -25, 3*x - 218 = 15*t - 14*t. Calculate the remainder when x is divided by 56.
15
Let i be (-27)/(-5) + 12/(-30). Suppose -i*b + 5*l + 140 = 0, -l + 1 = -0*l. Calculate the remainder when b is divided by 15.
14
Let q = 236 - 38. Suppose j = -5*j + q. Calculate the remainder when 197 is divided by j.
32
What is the remainder when 91 is divided by 2/(-4) + -1 + (-871)/(-26)?
27
Let v = 735 - 379. Calculate the remainder when v is divided by 17.
16
Let v = 35 + -11. Calculate the remainder when 38 is divided by (105/(-60))/(-2 + 46/v).
17
Let k = 43 - 43. Suppose -s + 4*u + 25 = k, u = s + 2*u. What is the remainder when s is divided by 3?
2
Suppose 2*a = q + 29, a + 0*q + 4*q - 10 = 0. Calculate the remainder when -24 - -61 - (-1 - -7)/(-2) is divided by a.
12
Let a = -203 + -1. Let n(m) = -m**3 + 7*m**2 - 6*m + 2. Let f be n(6). Calculate the remainder when 66 is divided by f*(a/8)/(-3).
15
Calculate the remainder when 327 is divided by -12*12/(-18) - (-1 + 3).
3
Suppose 5*l + 13*q - 11*q = 27, -2*l = 5*q - 15. Let g = 28 + -11. Calculate the remainder when g is divided by l.
2
Let x = 52 + -52. Suppose x*r - 39 = -3*r. Calculate the remainder when 21 is divided by r.
8
Suppose -2*k = 4*c + 2*k - 268, -2*c = -3*k - 109. Let l = -42 + c. What is the remainder when l is divided by 8?
4
Let r(q) = 3*q**2 - 10*q - 23. Let a = 53 + 21. Calculate the remainder when a is divided by r(6).
24
Suppose 3*w + 2*p = 672, 4*w - 7*w = -3*p - 657. What is the remainder when w is divided by 89?
44
Let i(d) = -2*d + 3. Suppose 21 = n + 4*q, -5*q + 23 = n - 3*n. Let r be i(n). What is the remainder when 69 is divided by (84/6)/(0 + r)?
13
Let k = 7 + -3. Suppose 10 = 2*o, -k*q - 4*o - 40 = 48. What is the remainder when 2/(-9) + (-1356)/q is divided by 13?
11
Let q(t) = -7*t + t + 0*t + 4*t. Let d be q(-1). What is the remainder when 79 is divided by (2 - 2/d) + 26?
25
Let y be (1 + -15)/(10/(-15)). Let w = -6 + y. Let n(g) = -g**2 + 16*g - 14. Calculate the remainder when 2 is divided by n(w).
0
Suppose 42*s - 44*s = -30. Suppose 0 = i - p - 0*p - 28, 0 = -3*p - s. Let k = 146 - 102. What is the remainder when k is divided by i?
21
What is the remainder when 27*(-48)/(-90)*45 is divided by 21?
18
Suppose -582 = -196*n + 190*n. What is the remainder when n is divided by 25?
22
Let j(h) = -6*h + 13. Suppose 6 = 3*t, 2*x + 0*t = -3*t + 6. What is the remainder when j(x) is divided by 12?
1
Let z(a) = 96*a**2 - 2*a + 1. Let c be z(1). Suppose -5*v = -2*b - 136, -v - 41 = 2*b + c. Let h = -41 - b. Calculate the 